{"version":"1.0","provider_name":"T\u00fcnd\u00e9rfi\u00f3k\u00e1k","provider_url":"https:\/\/tunderfiokak.cafeblog.hu","author_name":"Edi","author_url":"https:\/\/tunderfiokak.cafeblog.hu\/author\/doritta\/","title":"T\u00e9lap\u00f3buli","html":"<p>Kint feh\u00e9r a t\u00e1j, igazi t\u00e9lap\u00f3s hangulatot \u00e1raszt a reggel. Igaz, nem sok h\u00f3 esett, csak \u00e9ppen feh\u00e9r a t\u00e1j, de az\u00e9rt lehet cs\u00faszk\u00e1lni az \u00faton.<\/p>\r\n<p>Brigi \u00f6rd\u00f6gnek, bocs\u00e1nat krampusznak \u00f6lt\u00f6zik. Piros cicanadr\u00e1got h\u00faz, Anya egyik piros bl\u00faz\u00e1t -olyan krampuszosat-, egy fekete szokny\u00e1t \u00e9s egy fekete hajp\u00e1ntot tesz a haj\u00e1ba, amin k\u00e9t piros szarvacska van. Igazi csini krampusz lesz bel\u0151le. \u00a0<\/p>\r\n<p><a href=\"https:\/\/tunderfiokak.cafeblog.hu\/files\/2013\/12\/DSC_0013.jpg\"><img class=\"alignnone size-medium wp-image-201 aligncenter\" src=\"https:\/\/tunderfiokak.cafeblog.hu\/files\/2013\/12\/DSC_0013-168x300.jpg\" alt=\"DSC_0013\" width=\"168\" height=\"300\" \/><\/a><\/p>\r\n<p>Az iskol\u00e1ba \u00e9rve eg\u00e9sz m\u00e1s a hangulat, mint egy \u00e1tlagos tan\u00edt\u00e1si napon. A gyerekek izgatottan v\u00e1rj\u00e1k, hogy mi lesz a nap folytat\u00e1sa.<\/p>\r\n<p>A kicsiket a t\u00e9lap\u00f3 is megl\u00e1togatja. B\u00e1r ebben van n\u00e9mi csal\u00e1s.<\/p>\r\n<p>-Anya k\u00e9pzeld el, hogy nem is volt igazi a t\u00e9lap\u00f3! - mondja D\u00f3ri<\/p>\r\n<p>- \u00c9s az\u00e9rt, mert farmernadr\u00e1g volt rajta. \u00c9s fiatal keze volt, a t\u00e9lap\u00f3nak pedig \u00f6reg kez\u00e9nek kell lennie. De a Dia, az Anna testv\u00e9re azt mondta, hogy az\u00e9rt, mert az igazi t\u00e9lap\u00f3 megbetegedett, \u00e9s most otthon issza a forr\u00f3 kaka\u00f3t a meleg szob\u00e1j\u00e1ban a k\u00e9nyelmes fotelban \u00fclve.<\/p>\r\n<p>- \u00d3 szeg\u00e9ny! - mondta Anya.<\/p>\r\n<p>Az\u00e9rt az aj\u00e1nd\u00e9kot meghozta a helyettes t\u00e9lap\u00f3 is.<\/p>\r\n<p>Brigi h\u00f3ember\u00e9nek is nagyon \u00f6r\u00fclt a sorsol\u00e1son h\u00fazott Al\u00edz. Ugyanis \u0151 lett a pl\u00fcssfigura \u00faj gazd\u00e1ja.<\/p>","type":"rich"}

Tündérfiókák

Télapóbuli

<p>Kint fehér a táj, igazi télapós hangulatot áraszt a reggel. Igaz, nem sok hó esett, csak éppen fehér a táj, de azért lehet csúszkálni az úton.</p>
<p>Brigi ördögnek, bocsánat krampusznak öltözik. Piros cicanadrágot húz, Anya egyik piros blúzát -olyan krampuszosat-, egy fekete szoknyát és egy fekete hajpántot tesz a hajába, amin két piros szarvacska van. Igazi csini krampusz lesz belőle.  </p>
<p><a href="https://tunderfiokak.cafeblog.hu/files/2013/12/DSC_0013.jpg"><img class="alignnone size-medium wp-image-201 aligncenter" src="https://tunderfiokak.cafeblog.hu/files/2013/12/DSC_0013-168x300.jpg" alt="DSC_0013" width="168" height="300" /></a></p>
<p>Az iskolába érve egész más a hangulat, mint egy átlagos tanítási napon. A gyerekek izgatottan várják, hogy mi lesz a nap folytatása.</p>
<p>A kicsiket a télapó is meglátogatja. Bár ebben van némi csalás.</p>
<p>-Anya képzeld el, hogy nem is volt igazi a télapó! - mondja Dóri</p>
<p>- És azért, mert farmernadrág volt rajta. És fiatal keze volt, a télapónak pedig öreg kezének kell lennie. De a Dia, az Anna testvére azt mondta, hogy azért, mert az igazi télapó megbetegedett, és most otthon issza a forró kakaót a meleg szobájában a kényelmes fotelban ülve.</p>
<p>- Ó szegény! - mondta Anya.</p>
<p>Azért az ajándékot meghozta a helyettes télapó is.</p>
<p>Brigi hóemberének is nagyon örült a sorsoláson húzott Alíz. Ugyanis ő lett a plüssfigura új gazdája.</p>
